{"id":111,"date":"2018-03-17T22:06:44","date_gmt":"2018-03-17T21:06:44","guid":{"rendered":"http:\/\/www.maquet-air.fr\/guynemer60\/?page_id=111"},"modified":"2019-02-18T10:17:48","modified_gmt":"2019-02-18T09:17:48","slug":"le-bureau","status":"publish","type":"page","link":"https:\/\/www.maquet-air.fr\/guynemer60\/le-bureau\/","title":{"rendered":"Le Bureau&#8230;"},"content":{"rendered":"<p><strong>Jean Pierre TORIO<\/strong><br \/>\n<em><strong>Pr\u00e9sident<\/strong><\/em><\/p>\n<p><img decoding=\"async\" loading=\"lazy\" class=\"alignnone size-medium wp-image-105\" src=\"https:\/\/www.maquet-air.fr\/guynemer60\/wp-content\/uploads\/2018\/03\/JP-Torio-199x300.jpg\" alt=\"\" width=\"199\" height=\"300\" srcset=\"https:\/\/www.maquet-air.fr\/guynemer60\/wp-content\/uploads\/2018\/03\/JP-Torio-199x300.jpg 199w, https:\/\/www.maquet-air.fr\/guynemer60\/wp-content\/uploads\/2018\/03\/JP-Torio.jpg 250w\" sizes=\"(max-width: 199px) 100vw, 199px\" \/><\/p>\n<p><strong>Jean Pierre DEBEZE<\/strong><br \/>\n<em><strong>Tr\u00e9sorier du club<\/strong><\/em><\/p>\n<p><img decoding=\"async\" loading=\"lazy\" class=\"alignnone size-medium wp-image-104\" src=\"https:\/\/www.maquet-air.fr\/guynemer60\/wp-content\/uploads\/2018\/03\/JP-Debeze-225x300.jpg\" alt=\"\" width=\"225\" height=\"300\" srcset=\"https:\/\/www.maquet-air.fr\/guynemer60\/wp-content\/uploads\/2018\/03\/JP-Debeze-225x300.jpg 225w, https:\/\/www.maquet-air.fr\/guynemer60\/wp-content\/uploads\/2018\/03\/JP-Debeze.jpg 500w\" sizes=\"(max-width: 225px) 100vw, 225px\" \/><\/p>\n<p><strong>Fr\u00e9d\u00e9ric CAGNIART<br \/>\n<em>Secr\u00e9taire<\/em><br \/>\n<\/strong><\/p>\n<p><img decoding=\"async\" loading=\"lazy\" class=\"alignnone size-medium wp-image-65\" src=\"https:\/\/www.maquet-air.fr\/guynemer60\/wp-content\/uploads\/2018\/03\/IMG_0199-300x163.jpg\" alt=\"\" width=\"300\" height=\"163\" srcset=\"https:\/\/www.maquet-air.fr\/guynemer60\/wp-content\/uploads\/2018\/03\/IMG_0199-300x163.jpg 300w, https:\/\/www.maquet-air.fr\/guynemer60\/wp-content\/uploads\/2018\/03\/IMG_0199-768x418.jpg 768w, https:\/\/www.maquet-air.fr\/guynemer60\/wp-content\/uploads\/2018\/03\/IMG_0199.jpg 1024w\" sizes=\"(max-width: 300px) 100vw, 300px\" \/><\/p>\n<p><strong>Jean-Denis BENOIST<\/strong><br \/>\n<em><strong>Responsable S\u00e9curit\u00e9<br \/>\n<\/strong><\/em><\/p>\n<p><img decoding=\"async\" loading=\"lazy\" class=\"alignnone size-medium wp-image-107\" src=\"https:\/\/www.maquet-air.fr\/guynemer60\/wp-content\/uploads\/2018\/03\/JD-Benoist-225x300.jpg\" alt=\"\" width=\"225\" height=\"300\" srcset=\"https:\/\/www.maquet-air.fr\/guynemer60\/wp-content\/uploads\/2018\/03\/JD-Benoist-225x300.jpg 225w, https:\/\/www.maquet-air.fr\/guynemer60\/wp-content\/uploads\/2018\/03\/JD-Benoist.jpg 500w\" sizes=\"(max-width: 225px) 100vw, 225px\" \/><\/p>\n<p><b>Eric TORIO<br \/>\n<em>Entretien du terrain<\/em><\/b><\/p>\n<p><img decoding=\"async\" loading=\"lazy\" class=\"alignnone size-medium wp-image-106\" src=\"https:\/\/www.maquet-air.fr\/guynemer60\/wp-content\/uploads\/2018\/03\/ETorio-199x300.jpg\" alt=\"\" width=\"199\" height=\"300\" srcset=\"https:\/\/www.maquet-air.fr\/guynemer60\/wp-content\/uploads\/2018\/03\/ETorio-199x300.jpg 199w, https:\/\/www.maquet-air.fr\/guynemer60\/wp-content\/uploads\/2018\/03\/ETorio.jpg 250w\" sizes=\"(max-width: 199px) 100vw, 199px\" \/><\/p>\n","protected":false},"excerpt":{"rendered":"<p>Jean Pierre TORIO Pr\u00e9sident Jean Pierre DEBEZE Tr\u00e9sorier du club Fr\u00e9d\u00e9ric CAGNIART Secr\u00e9taire Jean-Denis BENOIST Responsable S\u00e9curit\u00e9 Eric TORIO Entretien<\/p>\n","protected":false},"author":1,"featured_media":0,"parent":0,"menu_order":0,"comment_status":"closed","ping_status":"closed","template":"","meta":{"_bbp_topic_count":0,"_bbp_reply_count":0,"_bbp_total_topic_count":0,"_bbp_total_reply_count":0,"_bbp_voice_count":0,"_bbp_anonymous_reply_count":0,"_bbp_topic_count_hidden":0,"_bbp_reply_count_hidden":0,"_bbp_forum_subforum_count":0,"footnotes":""},"_links":{"self":[{"href":"https:\/\/www.maquet-air.fr\/guynemer60\/wp-json\/wp\/v2\/pages\/111"}],"collection":[{"href":"https:\/\/www.maquet-air.fr\/guynemer60\/wp-json\/wp\/v2\/pages"}],"about":[{"href":"https:\/\/www.maquet-air.fr\/guynemer60\/wp-json\/wp\/v2\/types\/page"}],"author":[{"embeddable":true,"href":"https:\/\/www.maquet-air.fr\/guynemer60\/wp-json\/wp\/v2\/users\/1"}],"replies":[{"embeddable":true,"href":"https:\/\/www.maquet-air.fr\/guynemer60\/wp-json\/wp\/v2\/comments?post=111"}],"version-history":[{"count":3,"href":"https:\/\/www.maquet-air.fr\/guynemer60\/wp-json\/wp\/v2\/pages\/111\/revisions"}],"predecessor-version":[{"id":334144,"href":"https:\/\/www.maquet-air.fr\/guynemer60\/wp-json\/wp\/v2\/pages\/111\/revisions\/334144"}],"wp:attachment":[{"href":"https:\/\/www.maquet-air.fr\/guynemer60\/wp-json\/wp\/v2\/media?parent=111"}],"curies":[{"name":"wp","href":"https:\/\/api.w.org\/{rel}","templated":true}]}}