{"id":267,"date":"2018-04-16T21:52:49","date_gmt":"2018-04-16T19:52:49","guid":{"rendered":"http:\/\/www.maquet-air.fr\/guynemer60\/?page_id=267"},"modified":"2018-04-16T21:52:49","modified_gmt":"2018-04-16T19:52:49","slug":"assemblee-generale-2018","status":"publish","type":"page","link":"https:\/\/www.maquet-air.fr\/guynemer60\/assemblee-generale-2018\/","title":{"rendered":"Assembl\u00e9e G\u00e9n\u00e9rale 2018"},"content":{"rendered":"<h1 class=\"western\" align=\"center\"><span style=\"color: #0000ff;\"><strong>Compte-rendu assembl\u00e9e g\u00e9n\u00e9rale le 16\/12\/2017<\/strong><\/span><\/h1>\n<h2 class=\"western\"><strong><span style=\"color: #0000ff;\">Ordre du jour<\/span><\/strong><\/h2>\n<p>&#8211; Renouvellement du bureau<\/p>\n<p>&#8211; R\u00e9sultat comptable de l\u2019exercice<\/p>\n<p>&#8211; Prix des licences 2018<\/p>\n<p>&#8211; Activit\u00e9s<\/p>\n<p>&#8211; Rappel sur la S\u00e9curit\u00e9<\/p>\n<p>&#8211; Indoor<\/p>\n<p>&#8211; Questions diverses<\/p>\n<p>&#8211; Galette des Rois !<\/p>\n<p>Ouverture de la r\u00e9union par Jean-Pierre TORIO, notre pr\u00e9sident de club.<\/p>\n<p>Dix sept personnes \u00e9taient pr\u00e9sentes.<\/p>\n<h2 class=\"western\"><strong><span style=\"color: #0000ff;\">Election du bureau<\/span><\/strong><\/h2>\n<h2 class=\"western\">Le bureau est renouvel\u00e9 comme suit:<\/h2>\n<p>Pr\u00e9sident:\u00a0\u00a0\u00a0\u00a0\u00a0\u00a0\u00a0\u00a0\u00a0\u00a0\u00a0\u00a0\u00a0\u00a0\u00a0\u00a0\u00a0\u00a0\u00a0 Renouvel\u00e9 &#8211; Jean-Pierre TORIO<\/p>\n<p>Responsable s\u00e9curit\u00e9 : Renouvel\u00e9 &#8211; Jean-Denis BENOIST<\/p>\n<p>Tr\u00e9sorier:\u00a0\u00a0\u00a0\u00a0\u00a0\u00a0\u00a0\u00a0\u00a0\u00a0\u00a0\u00a0\u00a0\u00a0\u00a0\u00a0\u00a0\u00a0\u00a0\u00a0 Renouvel\u00e9 &#8211; Jean-Pierre DEBEZE<\/p>\n<p>Secr\u00e9taire: \u00a0 \u00a0 \u00a0 \u00a0 \u00a0 \u00a0 \u00a0 \u00a0 \u00a0 Nouveau\u00a0\u00a0\u00a0 &#8211; Fr\u00e9d\u00e9ric CAGNIART<\/p>\n<p>Jean-Pierre Torio demande d\u2019avoir un membre \u00e0 ses cot\u00e9s pour le former pendant un an<\/p>\n<p>et destin\u00e9 \u00e0 prendre sa place en 2019.<\/p>\n<h2 class=\"western\"><strong><span style=\"color: #0000ff;\">Comptabilit\u00e9<\/span><\/strong><\/h2>\n<p>L\u2019ann\u00e9e 2017 a compt\u00e9 23 membres.<\/p>\n<p>Les d\u00e9penses ont \u00e9t\u00e9\u00a0: entretien et location du terrain.<\/p>\n<p>Le bilan est positif pour cette ann\u00e9e 2017 gr\u00e2ce \u00e0 la r\u00e9partition de l\u2019argent li\u00e9 \u00e0 la r\u00e9organisation des structures de la FFAM et \u00e0 la sponsorisation de Bernard VASSEUX.<\/p>\n<p>Jean-Pierre informe qu\u2019il va demander une subvention au LAM (Ligues d\u2019a\u00e9romod\u00e9lisme) pour compenser les frais de l\u2019achat du tracteur l\u2019an dernier.<\/p>\n<h2 class=\"western\"><strong><span style=\"color: #0000ff;\">Renouvellement des licences<\/span><\/strong><\/h2>\n<p>Le bureau d\u00e9cide de garder la licence au m\u00eame montant pour 2018.<\/p>\n<p>La licence FFAM est de\u00a0 44 \u20ac (7,50 pour les juniors) et la cotisation au club est de 56 \u20ac.<\/p>\n<p>Soit un total de 100 \u20ac.<\/p>\n<h2 class=\"western\"><strong><span style=\"color: #0000ff;\">Activit\u00e9s pr\u00e9visionnelles 2018<\/span><\/strong><\/h2>\n<p>La f\u00eate du club 2017 n\u2019a pas eue lieu \u00e0 cause des cultures en bord de piste en avance cette saison.<\/p>\n<p>Jean-Pierre va demander que le plafond de vol passe \u00e0 1000 pieds (300 m\u00e8tres) au lieu de 500 puisque la base a\u00e9rienne est ferm\u00e9e.<\/p>\n<p>Le club pr\u00e9voit d\u2019organiser une r\u00e9union amicale inter club le 9 septembre si les conditions le permettent.<\/p>\n<h2 class=\"western\"><strong><span style=\"color: #0000ff;\">S\u00e9curit\u00e9<\/span><\/strong><\/h2>\n<p>Rappel rapide de quelques consignes de s\u00e9curit\u00e9.<\/p>\n<p>Il est conseill\u00e9 \u00e0 chaque membre de lire ou relire le protocole de s\u00e9curit\u00e9 du club sur notre site<\/p>\n<p>rubrique \u00ab\u00a0Le club\u00a0\u00bb \u00ab\u00a0Administratif\u00a0\u00bb \u00ab\u00a0R\u00e8glements du club\u00a0\u00bb<\/p>\n<h2 class=\"western\"><strong><span style=\"color: #0000ff;\">Indoor<\/span><\/strong><\/h2>\n<p>Laurent Lem\u00e9e fait une pr\u00e9sentation de l\u2019indoor pour les nouveaux adh\u00e9rents.<\/p>\n<p>Les informations sont disponibles sur notre site rubriques \u00ab\u00a0Vol en salle\u00a0\u00bb \u00ab\u00a0O\u00f9 voler\u00a0\u00bb<\/p>\n<h2 class=\"western\"><strong><span style=\"color: #0000ff;\">Entretien du terrain<\/span><\/strong><\/h2>\n<p>Eric TORIO poursuit l\u2019entretien du terrain pour cette ann\u00e9e 2018.<\/p>\n<p>La manche \u00e0 air install\u00e9e a d\u00e9j\u00e0 \u00e9t\u00e9 d\u00e9grad\u00e9e et r\u00e9par\u00e9e.<\/p>\n<p>On verra si on roule le terrain cette ann\u00e9e.<\/p>\n<h2 class=\"western\"><strong><span style=\"color: #0000ff;\">Questions diverses<\/span><\/strong><\/h2>\n<p>Evocation des probl\u00e8mes li\u00e9s \u00e0 la loi dite \u00ab\u00a0loi drone\u00a0\u00bb et de l\u2019impact sur l\u2019a\u00e9romod\u00e9lisme.<\/p>\n<p>Jean-Denis conseille d\u2019aller voir sur internet ce que fait l\u2019association \u00ab\u00a0Finesseplus\u00a0\u00bb.<\/p>\n<p>Evocation des id\u00e9es pour prot\u00e9ger le terrain des individus qui viennent r\u00e9guli\u00e8rement le d\u00e9grader.<\/p>\n<p>Pour conclure, nous remercions tous les adh\u00e9rents pr\u00e9sents \u00e0 cette nouvelle assembl\u00e9e ainsi que les nouveaux venus et \u00a0les invitons \u00e0 manger la galette, tradition oblige\u00a0!<\/p>\n<p>&nbsp;<\/p>\n<p><strong>Le Pr\u00e9sident<\/strong>\u00a0\u00a0\u00a0\u00a0\u00a0\u00a0\u00a0\u00a0\u00a0\u00a0\u00a0\u00a0\u00a0\u00a0\u00a0\u00a0\u00a0\u00a0\u00a0\u00a0\u00a0\u00a0\u00a0\u00a0\u00a0\u00a0 <strong>Le Secr\u00e9taire Adjoint<\/strong><\/p>\n<p><strong>Jean Pierre TORIO<\/strong>\u00a0\u00a0\u00a0\u00a0\u00a0\u00a0\u00a0\u00a0\u00a0\u00a0\u00a0\u00a0\u00a0\u00a0\u00a0\u00a0 <strong>Jean-Denis Benoist<\/strong><\/p>\n<p>03 44 55 53 10 06 76 54 00 76<\/p>\n<p><a href=\"mailto:djp.torio@orange.fr\">djp.torio@orange.fr\u00a0<\/a>\u00a0\u00a0\u00a0\u00a0\u00a0\u00a0\u00a0\u00a0\u00a0\u00a0\u00a0\u00a0\u00a0\u00a0\u00a0\u00a0 <a href=\"mailto:jean-denis.benoist@orange.fr\">jean-denis.benoist@orange.fr<\/a><\/p>\n","protected":false},"excerpt":{"rendered":"<p>Compte-rendu assembl\u00e9e g\u00e9n\u00e9rale le 16\/12\/2017 Ordre du jour &#8211; Renouvellement du bureau &#8211; R\u00e9sultat comptable de l\u2019exercice &#8211; Prix des<\/p>\n","protected":false},"author":2,"featured_media":0,"parent":0,"menu_order":0,"comment_status":"closed","ping_status":"closed","template":"","meta":{"_bbp_topic_count":0,"_bbp_reply_count":0,"_bbp_total_topic_count":0,"_bbp_total_reply_count":0,"_bbp_voice_count":0,"_bbp_anonymous_reply_count":0,"_bbp_topic_count_hidden":0,"_bbp_reply_count_hidden":0,"_bbp_forum_subforum_count":0,"footnotes":""},"_links":{"self":[{"href":"https:\/\/www.maquet-air.fr\/guynemer60\/wp-json\/wp\/v2\/pages\/267"}],"collection":[{"href":"https:\/\/www.maquet-air.fr\/guynemer60\/wp-json\/wp\/v2\/pages"}],"about":[{"href":"https:\/\/www.maquet-air.fr\/guynemer60\/wp-json\/wp\/v2\/types\/page"}],"author":[{"embeddable":true,"href":"https:\/\/www.maquet-air.fr\/guynemer60\/wp-json\/wp\/v2\/users\/2"}],"replies":[{"embeddable":true,"href":"https:\/\/www.maquet-air.fr\/guynemer60\/wp-json\/wp\/v2\/comments?post=267"}],"version-history":[{"count":1,"href":"https:\/\/www.maquet-air.fr\/guynemer60\/wp-json\/wp\/v2\/pages\/267\/revisions"}],"predecessor-version":[{"id":268,"href":"https:\/\/www.maquet-air.fr\/guynemer60\/wp-json\/wp\/v2\/pages\/267\/revisions\/268"}],"wp:attachment":[{"href":"https:\/\/www.maquet-air.fr\/guynemer60\/wp-json\/wp\/v2\/media?parent=267"}],"curies":[{"name":"wp","href":"https:\/\/api.w.org\/{rel}","templated":true}]}}

Assemblée Générale 2018

<h1 class="western" align="center"><span style="color: #0000ff;"><strong>Compte-rendu assemblée générale le 16/12/2017</strong></span></h1>
<h2 class="western"><strong><span style="color: #0000ff;">Ordre du jour</span></strong></h2>
<p>&#8211; Renouvellement du bureau</p>
<p>&#8211; Résultat comptable de l’exercice</p>
<p>&#8211; Prix des licences 2018</p>
<p>&#8211; Activités</p>
<p>&#8211; Rappel sur la Sécurité</p>
<p>&#8211; Indoor</p>
<p>&#8211; Questions diverses</p>
<p>&#8211; Galette des Rois !</p>
<p>Ouverture de la réunion par Jean-Pierre TORIO, notre président de club.</p>
<p>Dix sept personnes étaient présentes.</p>
<h2 class="western"><strong><span style="color: #0000ff;">Election du bureau</span></strong></h2>
<h2 class="western">Le bureau est renouvelé comme suit:</h2>
<p>Président:                    Renouvelé &#8211; Jean-Pierre TORIO</p>
<p>Responsable sécurité : Renouvelé &#8211; Jean-Denis BENOIST</p>
<p>Trésorier:                     Renouvelé &#8211; Jean-Pierre DEBEZE</p>
<p>Secrétaire:                   Nouveau    &#8211; Frédéric CAGNIART</p>
<p>Jean-Pierre Torio demande d’avoir un membre à ses cotés pour le former pendant un an</p>
<p>et destiné à prendre sa place en 2019.</p>
<h2 class="western"><strong><span style="color: #0000ff;">Comptabilité</span></strong></h2>
<p>L’année 2017 a compté 23 membres.</p>
<p>Les dépenses ont été : entretien et location du terrain.</p>
<p>Le bilan est positif pour cette année 2017 grâce à la répartition de l’argent lié à la réorganisation des structures de la FFAM et à la sponsorisation de Bernard VASSEUX.</p>
<p>Jean-Pierre informe qu’il va demander une subvention au LAM (Ligues d’aéromodélisme) pour compenser les frais de l’achat du tracteur l’an dernier.</p>
<h2 class="western"><strong><span style="color: #0000ff;">Renouvellement des licences</span></strong></h2>
<p>Le bureau décide de garder la licence au même montant pour 2018.</p>
<p>La licence FFAM est de  44 € (7,50 pour les juniors) et la cotisation au club est de 56 €.</p>
<p>Soit un total de 100 €.</p>
<h2 class="western"><strong><span style="color: #0000ff;">Activités prévisionnelles 2018</span></strong></h2>
<p>La fête du club 2017 n’a pas eue lieu à cause des cultures en bord de piste en avance cette saison.</p>
<p>Jean-Pierre va demander que le plafond de vol passe à 1000 pieds (300 mètres) au lieu de 500 puisque la base aérienne est fermée.</p>
<p>Le club prévoit d’organiser une réunion amicale inter club le 9 septembre si les conditions le permettent.</p>
<h2 class="western"><strong><span style="color: #0000ff;">Sécurité</span></strong></h2>
<p>Rappel rapide de quelques consignes de sécurité.</p>
<p>Il est conseillé à chaque membre de lire ou relire le protocole de sécurité du club sur notre site</p>
<p>rubrique « Le club » « Administratif » « Règlements du club »</p>
<h2 class="western"><strong><span style="color: #0000ff;">Indoor</span></strong></h2>
<p>Laurent Lemée fait une présentation de l’indoor pour les nouveaux adhérents.</p>
<p>Les informations sont disponibles sur notre site rubriques « Vol en salle » « Où voler »</p>
<h2 class="western"><strong><span style="color: #0000ff;">Entretien du terrain</span></strong></h2>
<p>Eric TORIO poursuit l’entretien du terrain pour cette année 2018.</p>
<p>La manche à air installée a déjà été dégradée et réparée.</p>
<p>On verra si on roule le terrain cette année.</p>
<h2 class="western"><strong><span style="color: #0000ff;">Questions diverses</span></strong></h2>
<p>Evocation des problèmes liés à la loi dite « loi drone » et de l’impact sur l’aéromodélisme.</p>
<p>Jean-Denis conseille d’aller voir sur internet ce que fait l’association « Finesseplus ».</p>
<p>Evocation des idées pour protéger le terrain des individus qui viennent régulièrement le dégrader.</p>
<p>Pour conclure, nous remercions tous les adhérents présents à cette nouvelle assemblée ainsi que les nouveaux venus et  les invitons à manger la galette, tradition oblige !</p>
<p>&nbsp;</p>
<p><strong>Le Président</strong>                           <strong>Le Secrétaire Adjoint</strong></p>
<p><strong>Jean Pierre TORIO</strong>                 <strong>Jean-Denis Benoist</strong></p>
<p>03 44 55 53 10 06 76 54 00 76</p>
<p><a href="mailto:djp.torio@orange.fr">djp.torio@orange.fr </a>                 <a href="mailto:jean-denis.benoist@orange.fr">jean-denis.benoist@orange.fr</a></p>

<p>Compte-rendu assemblée générale le 16/12/2017 Ordre du jour &#8211; Renouvellement du bureau &#8211; Résultat comptable de l’exercice &#8211; Prix des</p>
