{"id":273,"date":"2018-04-16T21:59:04","date_gmt":"2018-04-16T19:59:04","guid":{"rendered":"http:\/\/www.maquet-air.fr\/guynemer60\/?page_id=273"},"modified":"2018-04-16T21:59:04","modified_gmt":"2018-04-16T19:59:04","slug":"assemblee-generale-2017","status":"publish","type":"page","link":"https:\/\/www.maquet-air.fr\/guynemer60\/assemblee-generale-2017\/","title":{"rendered":"Assembl\u00e9e G\u00e9n\u00e9rale 2017"},"content":{"rendered":"<h2 style=\"text-align: center;\"><span style=\"color: #0000ff;\"><strong>Compte-rendu assembl\u00e9e g\u00e9n\u00e9rale le 17\/12\/2016<\/strong><\/span><\/h2>\n<h2><span style=\"color: #0000ff;\"><i>Ordre du jour<\/i><\/span><\/h2>\n<p>&#8211;\u00a0\u00a0\u00a0\u00a0\u00a0\u00a0\u00a0\u00a0\u00a0\u00a0 Renouvellement du bureau<\/p>\n<p>&#8211;\u00a0\u00a0\u00a0\u00a0\u00a0\u00a0\u00a0\u00a0\u00a0\u00a0 R\u00e9sultat comptable de l\u2019exercice<\/p>\n<p>&#8211;\u00a0\u00a0\u00a0\u00a0\u00a0\u00a0\u00a0\u00a0\u00a0\u00a0 Prix des licences 2017<\/p>\n<p>&#8211;\u00a0\u00a0\u00a0\u00a0\u00a0\u00a0\u00a0\u00a0\u00a0\u00a0 Activit\u00e9s<\/p>\n<p>&#8211;\u00a0\u00a0\u00a0\u00a0\u00a0\u00a0\u00a0\u00a0\u00a0\u00a0 Rappel sur la S\u00e9curit\u00e9<\/p>\n<p>&#8211;\u00a0\u00a0\u00a0\u00a0\u00a0\u00a0\u00a0\u00a0\u00a0\u00a0 Indoor<\/p>\n<p>&#8211;\u00a0\u00a0\u00a0\u00a0\u00a0\u00a0\u00a0\u00a0\u00a0\u00a0 Questions diverses<\/p>\n<p>&#8211;\u00a0\u00a0\u00a0\u00a0\u00a0\u00a0\u00a0\u00a0\u00a0\u00a0 Galette des Rois !<\/p>\n<p>&nbsp;<\/p>\n<p>&nbsp;<\/p>\n<p>Ouverture de la r\u00e9union par Jean-Pierre TORIO, notre pr\u00e9sident de club.<\/p>\n<h2><i>\u00a0<\/i><\/h2>\n<h2><span style=\"color: #0000ff;\"><i>Election du bureau<\/i><\/span><\/h2>\n<h2>Le bureau est renouvel\u00e9 comme suit<i>\u00a0<\/i>:<\/h2>\n<p>&nbsp;<\/p>\n<p>Pr\u00e9sident\u00a0:\u00a0\u00a0\u00a0\u00a0\u00a0\u00a0\u00a0\u00a0\u00a0\u00a0\u00a0\u00a0\u00a0\u00a0\u00a0\u00a0\u00a0\u00a0\u00a0\u00a0\u00a0\u00a0\u00a0\u00a0\u00a0\u00a0\u00a0\u00a0\u00a0 Renouvel\u00e9 &#8211; Jean-Pierre TORIO<\/p>\n<p>Responsable s\u00e9curit\u00e9 :\u00a0\u00a0\u00a0\u00a0\u00a0\u00a0\u00a0\u00a0\u00a0\u00a0\u00a0 Renouvel\u00e9 &#8211; Jean-Denis BENOIST<\/p>\n<p>Tr\u00e9sorier\u00a0:\u00a0\u00a0\u00a0\u00a0\u00a0\u00a0\u00a0\u00a0\u00a0\u00a0\u00a0\u00a0\u00a0\u00a0\u00a0\u00a0\u00a0\u00a0\u00a0\u00a0\u00a0\u00a0\u00a0\u00a0\u00a0\u00a0\u00a0\u00a0\u00a0\u00a0 Renouvel\u00e9 &#8211; Jean-Pierre DEBEZE<\/p>\n<p>Secr\u00e9taire\u00a0:\u00a0\u00a0\u00a0\u00a0\u00a0\u00a0\u00a0\u00a0\u00a0\u00a0\u00a0\u00a0\u00a0\u00a0\u00a0\u00a0\u00a0\u00a0\u00a0\u00a0\u00a0\u00a0\u00a0\u00a0\u00a0\u00a0\u00a0\u00a0\u00a0 Renouvel\u00e9 Laurent BOISSELIER<\/p>\n<p>&nbsp;<\/p>\n<h2><i>\u00a0<\/i><\/h2>\n<h2><span style=\"color: #0000ff;\"><i>Comptabilit\u00e9<\/i><\/span><\/h2>\n<p>L\u2019ann\u00e9e 2016 a compt\u00e9 28 membres et 1 adh\u00e9rent.<\/p>\n<p>Les d\u00e9penses ont \u00e9t\u00e9\u00a0: entretien du terrain, achat d\u2019une tondeuse (3999\u20ac), f\u00eate du club 2015 et location du terrain.<\/p>\n<p>Le bilan est positif pour cette ann\u00e9e 2016.<\/p>\n<p>&nbsp;<\/p>\n<p>Nous tenons \u00e0 remercier notre Sponsor VASSEUX Bernard pour sa contribution de 700\u20ac.<\/p>\n<p>&nbsp;<\/p>\n<p>&nbsp;<\/p>\n<h2><span style=\"color: #0000ff;\"><i>Renouvellement des licences<\/i><\/span><\/h2>\n<p>Le bureau d\u00e9cide d\u2019augmenter la licence pour 2017.<\/p>\n<p>La licence FFAM est de 44 \u20ac et la cotisation au club est de 56 \u20ac.<\/p>\n<p>Soit un total de 100 \u20ac.<\/p>\n<p>Adh\u00e9rent li\u00e9 \u00e0 un autre club FFAM voulant voler sur notre terrain 50 \u20ac<\/p>\n<p>&nbsp;<\/p>\n<p>&nbsp;<\/p>\n<p>Jean-Pierre informe que le CDAM et le CRAM sont remplac\u00e9s par la Ligue (Haut de France), et que le repr\u00e9sentant d\u00e9partemental est Mr GOSSET Laurent.<\/p>\n<p>&nbsp;<\/p>\n<h2><span style=\"color: #0000ff;\"><i>Activit\u00e9s pr\u00e9visionnelles 2017<\/i><\/span><\/h2>\n<p>&nbsp;<\/p>\n<p>La f\u00eate du club 2017 aura lieu d\u00e9but septembre si les cultures en bord de piste le permettent.<\/p>\n<p>&nbsp;<\/p>\n<p>Geoffrey et Yann proposent d\u2019organiser une journ\u00e9e drones sur notre terrain.<\/p>\n<p>&nbsp;<\/p>\n<p>&nbsp;<\/p>\n<h2><span style=\"color: #0000ff;\"><i>S\u00e9curit\u00e9<\/i><\/span><\/h2>\n<p>Modification de la loi en cours sur l\u2019utilisation des drones et mod\u00e8les r\u00e9duits.<\/p>\n<p>&nbsp;<\/p>\n<p>Jean Denis nous signale un article de Louis Kulicka pour la d\u00e9fense de l&rsquo;a\u00e9romod\u00e9lisme face \u00e0 la loi dite \u00ab\u00a0drone\u00a0\u00bb\u00a0 sur le site \u00ab\u00a0A\u00e9ro buzz\u00a0\u00bb. Pour retrouver l&rsquo;article, il faut partir du site https:\/\/finesseplus.org qui est d\u00e9di\u00e9 au vol de pente mais contient plein d&rsquo;informations sur les actions en cours pour tenter de modifier cette loi.<\/p>\n<p>&nbsp;<\/p>\n<p>Nous rappelons \u00e9galement qu\u2019un \u00ab\u00a0planeuriste\u00a0\u00bb doit obligatoirement \u00eatre accompagn\u00e9 d\u2019un observateur et que son planeur doit \u00eatre \u00e9quip\u00e9 d\u2019un altim\u00e8tre.<\/p>\n<p>&nbsp;<\/p>\n<p>De plus, nous rappelons l\u2019interdiction de voler seul sur le terrain sauf pour le vol sous les 500 pieds autoris\u00e9 par la DGAC.<\/p>\n<p>&nbsp;<\/p>\n<p>Lors du vol d\u2019un r\u00e9acteur, nous rappelons qu\u2019il doit \u00e9voluer seul et que toutes personnes sur le terrain doit le garder en visuel.<\/p>\n<h2>Lors de vols \u00e0 plusieurs, les pilotes doivent se regrouper au milieu du terrain \u00e0 l\u2019endroit mat\u00e9rialis\u00e9.<\/h2>\n<p>&nbsp;<\/p>\n<h2><span style=\"color: #0000ff;\"><i>Indoor<\/i><\/span><\/h2>\n<p>Tous les vendredis de 20h \u00e0 22h \u00e0 la salle Tainturier \u00e0 Pont Ste Maxence,<\/p>\n<p>Sauf les premiers vendredis de chaque mois.<\/p>\n<p>A\u00e9romax g\u00e9r\u00e9 par Lemee Laurent.<\/p>\n<h2><i>\u00a0<\/i><\/h2>\n<h2><span style=\"color: #0000ff;\"><i>Entretien du terrain<\/i><\/span><\/h2>\n<p>Eric TORIO poursuit l\u2019entretien du terrain pour cette ann\u00e9e 2017.<\/p>\n<p>Le terrain a \u00e9t\u00e9 \u00e9largi afin de faciliter le stationnement des v\u00e9hicules.<\/p>\n<p>Le sous bois en contre bas a \u00e9t\u00e9 am\u00e9nag\u00e9 pour permettre de pratiquer des courses de drones.<\/p>\n<p>Une manche \u00e0 air va \u00eatre install\u00e9e ainsi que des bornes pour d\u00e9limiter le terrain.<\/p>\n<h2><i>\u00a0<\/i><\/h2>\n<h2><span style=\"color: #0000ff;\"><i>Questions diverses<\/i><\/span><\/h2>\n<p>Aucune question particuli\u00e8re.<\/p>\n<p>&nbsp;<\/p>\n<p>&nbsp;<\/p>\n<p>Pour conclure, nous remercions tous les adh\u00e9rents pr\u00e9sents \u00e0 cette nouvelle assembl\u00e9e ainsi que les nouveaux venus et \u00a0les invitons \u00e0 manger la galette, tradition oblige\u00a0!<\/p>\n<p>&nbsp;<\/p>\n<p>&nbsp;<\/p>\n<p><strong>Le Pr\u00e9sident\u00a0\u00a0\u00a0\u00a0\u00a0\u00a0\u00a0\u00a0\u00a0\u00a0\u00a0\u00a0\u00a0\u00a0\u00a0\u00a0\u00a0\u00a0\u00a0\u00a0\u00a0\u00a0\u00a0\u00a0\u00a0\u00a0\u00a0\u00a0\u00a0\u00a0\u00a0\u00a0\u00a0\u00a0\u00a0\u00a0\u00a0\u00a0\u00a0\u00a0\u00a0\u00a0\u00a0\u00a0\u00a0\u00a0\u00a0\u00a0\u00a0 Le Secr\u00e9taire<\/strong><\/p>\n<p><strong>Jean Pierre TORIO \u00a0 \u00a0 \u00a0 \u00a0 \u00a0 \u00a0 \u00a0 \u00a0 \u00a0 \u00a0 \u00a0 \u00a0 \u00a0 \u00a0 \u00a0 \u00a0 \u00a0 \u00a0 Laurent BOISSELIER<\/strong><\/p>\n<p>03 44 55 53 10 \u00a0 06 76 54 00 76\u00a0\u00a0\u00a0\u00a0\u00a0\u00a0\u00a0\u00a0\u00a0\u00a0\u00a0\u00a0\u00a0\u00a0\u00a0\u00a0\u00a0\u00a0 06 09 09 12 44<\/p>\n<p><a href=\"mailto:djp.torio@orange.fr\">djp.torio@orange.fr<\/a>\u00a0\u00a0\u00a0\u00a0\u00a0\u00a0\u00a0\u00a0\u00a0\u00a0\u00a0\u00a0\u00a0\u00a0\u00a0\u00a0\u00a0\u00a0\u00a0\u00a0\u00a0\u00a0\u00a0\u00a0\u00a0\u00a0\u00a0\u00a0\u00a0\u00a0\u00a0\u00a0\u00a0\u00a0\u00a0\u00a0\u00a0\u00a0 <a href=\"mailto:laurentboisselier@aliceadsl.fr\">laurentboisselier@aliceadsl.fr<\/a><\/p>\n","protected":false},"excerpt":{"rendered":"<p>Compte-rendu assembl\u00e9e g\u00e9n\u00e9rale le 17\/12\/2016 Ordre du jour &#8211;\u00a0\u00a0\u00a0\u00a0\u00a0\u00a0\u00a0\u00a0\u00a0\u00a0 Renouvellement du bureau &#8211;\u00a0\u00a0\u00a0\u00a0\u00a0\u00a0\u00a0\u00a0\u00a0\u00a0 R\u00e9sultat comptable de l\u2019exercice &#8211;\u00a0\u00a0\u00a0\u00a0\u00a0\u00a0\u00a0\u00a0\u00a0\u00a0 Prix des<\/p>\n","protected":false},"author":2,"featured_media":0,"parent":0,"menu_order":0,"comment_status":"closed","ping_status":"closed","template":"","meta":{"_bbp_topic_count":0,"_bbp_reply_count":0,"_bbp_total_topic_count":0,"_bbp_total_reply_count":0,"_bbp_voice_count":0,"_bbp_anonymous_reply_count":0,"_bbp_topic_count_hidden":0,"_bbp_reply_count_hidden":0,"_bbp_forum_subforum_count":0,"footnotes":""},"_links":{"self":[{"href":"https:\/\/www.maquet-air.fr\/guynemer60\/wp-json\/wp\/v2\/pages\/273"}],"collection":[{"href":"https:\/\/www.maquet-air.fr\/guynemer60\/wp-json\/wp\/v2\/pages"}],"about":[{"href":"https:\/\/www.maquet-air.fr\/guynemer60\/wp-json\/wp\/v2\/types\/page"}],"author":[{"embeddable":true,"href":"https:\/\/www.maquet-air.fr\/guynemer60\/wp-json\/wp\/v2\/users\/2"}],"replies":[{"embeddable":true,"href":"https:\/\/www.maquet-air.fr\/guynemer60\/wp-json\/wp\/v2\/comments?post=273"}],"version-history":[{"count":1,"href":"https:\/\/www.maquet-air.fr\/guynemer60\/wp-json\/wp\/v2\/pages\/273\/revisions"}],"predecessor-version":[{"id":274,"href":"https:\/\/www.maquet-air.fr\/guynemer60\/wp-json\/wp\/v2\/pages\/273\/revisions\/274"}],"wp:attachment":[{"href":"https:\/\/www.maquet-air.fr\/guynemer60\/wp-json\/wp\/v2\/media?parent=273"}],"curies":[{"name":"wp","href":"https:\/\/api.w.org\/{rel}","templated":true}]}}

Assemblée Générale 2017

<h2 style="text-align: center;"><span style="color: #0000ff;"><strong>Compte-rendu assemblée générale le 17/12/2016</strong></span></h2>
<h2><span style="color: #0000ff;"><i>Ordre du jour</i></span></h2>
<p>&#8211;           Renouvellement du bureau</p>
<p>&#8211;           Résultat comptable de l’exercice</p>
<p>&#8211;           Prix des licences 2017</p>
<p>&#8211;           Activités</p>
<p>&#8211;           Rappel sur la Sécurité</p>
<p>&#8211;           Indoor</p>
<p>&#8211;           Questions diverses</p>
<p>&#8211;           Galette des Rois !</p>
<p>&nbsp;</p>
<p>&nbsp;</p>
<p>Ouverture de la réunion par Jean-Pierre TORIO, notre président de club.</p>
<h2><i> </i></h2>
<h2><span style="color: #0000ff;"><i>Election du bureau</i></span></h2>
<h2>Le bureau est renouvelé comme suit<i> </i>:</h2>
<p>&nbsp;</p>
<p>Président :                              Renouvelé &#8211; Jean-Pierre TORIO</p>
<p>Responsable sécurité :            Renouvelé &#8211; Jean-Denis BENOIST</p>
<p>Trésorier :                               Renouvelé &#8211; Jean-Pierre DEBEZE</p>
<p>Secrétaire :                              Renouvelé Laurent BOISSELIER</p>
<p>&nbsp;</p>
<h2><i> </i></h2>
<h2><span style="color: #0000ff;"><i>Comptabilité</i></span></h2>
<p>L’année 2016 a compté 28 membres et 1 adhérent.</p>
<p>Les dépenses ont été : entretien du terrain, achat d’une tondeuse (3999€), fête du club 2015 et location du terrain.</p>
<p>Le bilan est positif pour cette année 2016.</p>
<p>&nbsp;</p>
<p>Nous tenons à remercier notre Sponsor VASSEUX Bernard pour sa contribution de 700€.</p>
<p>&nbsp;</p>
<p>&nbsp;</p>
<h2><span style="color: #0000ff;"><i>Renouvellement des licences</i></span></h2>
<p>Le bureau décide d’augmenter la licence pour 2017.</p>
<p>La licence FFAM est de 44 € et la cotisation au club est de 56 €.</p>
<p>Soit un total de 100 €.</p>
<p>Adhérent lié à un autre club FFAM voulant voler sur notre terrain 50 €</p>
<p>&nbsp;</p>
<p>&nbsp;</p>
<p>Jean-Pierre informe que le CDAM et le CRAM sont remplacés par la Ligue (Haut de France), et que le représentant départemental est Mr GOSSET Laurent.</p>
<p>&nbsp;</p>
<h2><span style="color: #0000ff;"><i>Activités prévisionnelles 2017</i></span></h2>
<p>&nbsp;</p>
<p>La fête du club 2017 aura lieu début septembre si les cultures en bord de piste le permettent.</p>
<p>&nbsp;</p>
<p>Geoffrey et Yann proposent d’organiser une journée drones sur notre terrain.</p>
<p>&nbsp;</p>
<p>&nbsp;</p>
<h2><span style="color: #0000ff;"><i>Sécurité</i></span></h2>
<p>Modification de la loi en cours sur l’utilisation des drones et modèles réduits.</p>
<p>&nbsp;</p>
<p>Jean Denis nous signale un article de Louis Kulicka pour la défense de l&rsquo;aéromodélisme face à la loi dite « drone »  sur le site « Aéro buzz ». Pour retrouver l&rsquo;article, il faut partir du site https://finesseplus.org qui est dédié au vol de pente mais contient plein d&rsquo;informations sur les actions en cours pour tenter de modifier cette loi.</p>
<p>&nbsp;</p>
<p>Nous rappelons également qu’un « planeuriste » doit obligatoirement être accompagné d’un observateur et que son planeur doit être équipé d’un altimètre.</p>
<p>&nbsp;</p>
<p>De plus, nous rappelons l’interdiction de voler seul sur le terrain sauf pour le vol sous les 500 pieds autorisé par la DGAC.</p>
<p>&nbsp;</p>
<p>Lors du vol d’un réacteur, nous rappelons qu’il doit évoluer seul et que toutes personnes sur le terrain doit le garder en visuel.</p>
<h2>Lors de vols à plusieurs, les pilotes doivent se regrouper au milieu du terrain à l’endroit matérialisé.</h2>
<p>&nbsp;</p>
<h2><span style="color: #0000ff;"><i>Indoor</i></span></h2>
<p>Tous les vendredis de 20h à 22h à la salle Tainturier à Pont Ste Maxence,</p>
<p>Sauf les premiers vendredis de chaque mois.</p>
<p>Aéromax géré par Lemee Laurent.</p>
<h2><i> </i></h2>
<h2><span style="color: #0000ff;"><i>Entretien du terrain</i></span></h2>
<p>Eric TORIO poursuit l’entretien du terrain pour cette année 2017.</p>
<p>Le terrain a été élargi afin de faciliter le stationnement des véhicules.</p>
<p>Le sous bois en contre bas a été aménagé pour permettre de pratiquer des courses de drones.</p>
<p>Une manche à air va être installée ainsi que des bornes pour délimiter le terrain.</p>
<h2><i> </i></h2>
<h2><span style="color: #0000ff;"><i>Questions diverses</i></span></h2>
<p>Aucune question particulière.</p>
<p>&nbsp;</p>
<p>&nbsp;</p>
<p>Pour conclure, nous remercions tous les adhérents présents à cette nouvelle assemblée ainsi que les nouveaux venus et  les invitons à manger la galette, tradition oblige !</p>
<p>&nbsp;</p>
<p>&nbsp;</p>
<p><strong>Le Président                                                  Le Secrétaire</strong></p>
<p><strong>Jean Pierre TORIO                                     Laurent BOISSELIER</strong></p>
<p>03 44 55 53 10   06 76 54 00 76                   06 09 09 12 44</p>
<p><a href="mailto:djp.torio@orange.fr">djp.torio@orange.fr</a>                                       <a href="mailto:laurentboisselier@aliceadsl.fr">laurentboisselier@aliceadsl.fr</a></p>

<p>Compte-rendu assemblée générale le 17/12/2016 Ordre du jour &#8211;           Renouvellement du bureau &#8211;           Résultat comptable de l’exercice &#8211;           Prix des</p>
