{"id":334133,"date":"2019-02-17T14:58:03","date_gmt":"2019-02-17T13:58:03","guid":{"rendered":"http:\/\/www.maquet-air.fr\/guynemer60\/?page_id=334133"},"modified":"2019-02-17T17:11:13","modified_gmt":"2019-02-17T16:11:13","slug":"ag-2019","status":"publish","type":"page","link":"https:\/\/www.maquet-air.fr\/guynemer60\/ag-2019\/","title":{"rendered":"Assembl\u00e9e G\u00e9n\u00e9rale  2019"},"content":{"rendered":"\n<!DOCTYPE html>\n<html xmlns=\"http:\/\/www.w3.org\/1999\/xhtml\" lang=\"\" xml:lang=\"\">\n<head>\n<title>Crag 2018<\/title>\n\n<meta http-equiv=\"Content-Type\" content=\"text\/html; charset=UTF-8\"\/>\n<style type=\"text\/css\">\n<!--\n\tp {margin: 0; padding: 0;}\t.ft00{font-size:14px;font-family:Times;color:#000000;}\n\t.ft01{font-size:12px;font-family:Times;color:#000000;}\n\t.ft02{font-size:34px;font-family:Times;color:#0000ff;}\n\t.ft03{font-size:34px;font-family:Times;color:#333333;}\n\t.ft04{font-size:34px;font-family:Times;color:#0000ff;}\n\t.ft05{font-size:19px;font-family:Times;color:#0c4bfc;}\n\t.ft06{font-size:19px;font-family:Times;color:#444444;}\n\t.ft07{font-size:25px;line-height:33px;font-family:Times;color:#0000ff;}\n\t.ft08{font-size:19px;line-height:33px;font-family:Times;color:#0c4bfc;}\n-->\n<\/style>\n<\/head>\n<body vlink=\"blue\" link=\"blue\">\n<div>\n<p style=\"white-space:normal\" class=\"ft04\">Compte-rendu  Assembl\u00e9e  G\u00e9n\u00e9rale  2019<\/p>\n<p style=\"white-space:normal\" class=\"ft05\"> Le 01\/12\/2018<\/p>\n<br><br>\n<p style=\"white-space:normal\" class=\"ft04\">Ordre  du  jour  <\/p>\n<br>\n<p style=\"white-space:normal\" class=\"ft08\">1.  Election  du  bureau  <br\/>2.  Comptabilit\u00e9  <br\/>3.  Renouvellement  des  licences  <br\/>4.    Activit\u00e9s  pr\u00e9visionnelles  2019  <br\/>5.    S\u00e9curit\u00e9  <br\/>6.  Loi  \u00ab  Drone  \u00bb  <br\/>7.  Indoor  <br\/>8.  Ecolage  <br\/>9.    Entretien  du  terrain  <\/p>\n<br>\n<p style= \"white-space:normal\"class=\"ft06\">Ouverture  de  la  r\u00e9union  par  Jean-Pierre  TORIO,  notre  pr\u00e9sident  de  club.  <br\/>18  (dix  huit)  personnes  \u00e9taient  pr\u00e9sentes.  <\/p>\n<br><br>\n<p style=\"white-space:normal\" class=\"ft04\">Election  du  bureau<\/p>\n<br>\n<p style=\"white-space:normal\" class=\"ft05\">Le  bureau  est  renouvel\u00e9  comme  suit  :<\/p>\n<br<pre>\n<p style=\"white-space:nowrap\" class=\"ft05\">Pr\u00e9sident :               Jean-Pierre TORIO<\/p>\n<p style=\"white-space:nowrap\" class=\"ft05\">Responsable s\u00e9curit\u00e9 :    Jean-Denis BENOIST<\/p>\n<p style=\"white-space:nowrap\" class=\"ft05\">Tr\u00e9sorier :               Jean-Pierre DEBEZE<\/p>\n<p style=\"white-space:nowrap\" class=\"ft05\">Secr\u00e9taire :              Fr\u00e9d\u00e9ric CAGNIART<\/p><\/pre>\n<br><br>\n<p style=\"white-space:normal\" class=\"ft06\">Jean-Pierre Torio demande d\u2019avoir un membre \u00e0 ses c\u00f4t\u00e9s pour le former pendant un an et destin\u00e9 \u00e0 prendre sa place en 2020. <\/p>\n<br><br>\n<p style=\"white-space:normal\" class=\"ft04\">Comptabilit\u00e9 <\/p>\n<br>\n<p style=\"white-space:normal\" class=\"ft06\">L\u2019ann\u00e9e 2018 a compt\u00e9 23 membres (+2 adh\u00e9sions). <br\/> Les d\u00e9penses ont \u00e9t\u00e9 pour l\u2019entretien et la location du terrain.<br\/> Au 31\/08\/2018 le solde est de +5180.34\u20ac <br\/><\/p>\n<p style=\"white-space:normal\" class=\"ft06\">Le bilan est positif pour cette ann\u00e9e 2018 gr\u00e2ce \u00e0 la r\u00e9partition de l\u2019argent li\u00e9e \u00e0 la r\u00e9organisation des structures de la FFAM et \u00e0 la sponsorisation de Bernard VASSEUX.<br\/><\/p>\n<p style= \"white-space:normal\"class=\"ft06\">Une subvention a \u00e9t\u00e9 accord\u00e9e d\u00e9but 2018 par la FFAM pour l\u2019achat du tracteur, soit 1600\u20ac. <\/p>\n<br><br>\n<p style=\"white-space:normal\" class=\"ft04\">Renouvellement des licences <\/p>\n<br>\n<p style=\"white-space:normal\" class=\"ft06\">Le bureau d\u00e9cide de garder la licence au m\u00eame montant pour 2019. <\/p>\n<p style=\"white-space:normal\" class=\"ft06\">La licence FFAM est de 44\u20ac (7,50\u20ac pour les juniors) et la cotisation au club est de 56\u20ac.<\/p>\n<p style=\"white-space:normal\" class=\"ft06\">Soit un total de 100\u20ac.<\/p>\n<p style=\"white-space:normal\" class=\"ft08\">Pour une personne d\u00e9j\u00e0 inscrite dans un autre club avec licence FFAM, la cotisation au club est de 50\u20ac.<\/p>\n<br>\n<p style=\"white-space:normal\" class=\"ft04\">Activit\u00e9s pr\u00e9visionnelles 2019<\/p>\n<br>\n<p style=\"white-space:normal\"  class=\"ft06\">La f\u00eate du club 2018 s\u2019est bien d\u00e9roul\u00e9e cette ann\u00e9e et les conditions m\u00e9t\u00e9os \u00e9taient au rendez-vous, comme les participants.<\/p>\n<p style=\"white-space:normal\" class=\"ft06\">Concernant 2019, la date n\u2019est pas encore fix\u00e9e mais nous vous la communiquerons d\u00e8s que possible.  <\/p>\n<br>\n<p style=\"white-space:normal\" class=\"ft04\">S\u00e9curit\u00e9<\/p>\n<br>\n<p style=\"white-space:normal\" class=\"ft05\">Rappel des consignes de  s\u00e9curit\u00e9 <\/p><br>\n<p style=\"white-space:normal\" class=\"ft06\">&#8211;    Le plafond est fix\u00e9 \u00e0 240 m\u00e8tres max. <br><br\/>&#8211;    Il est INTERDIT de voler seul. En effet, il faut toujours \u00eatre accompagn\u00e9 d\u2019une personne (par forc\u00e9ment un pilote) pour surveiller l\u2019environnement (pr\u00e9sence de personnes  ou  v\u00e9hicules en approche de la zone de vol, avions ou h\u00e9licopt\u00e8res passant au-dessus de la piste, etc\u2026) <\/p><br>\n<p style=\"white-space:normal\" class=\"ft06\">&#8211;    Il est  INTERDIT de  survoler la nationale RN31. La DGAC passe r\u00e9guli\u00e8rement pour v\u00e9rifier ce point en stationnant aux alentours. Des infractions peuvent conduire \u00e0 la fermeture du club. N\u00e9anmoins, pour certains avions comme les jets par exemple, et lors de la phase d\u2019atterrissage, il peut y avoir survol de la RN31 \u00e0 condition que l\u2019altitude soit haute. <\/p><br>\n<p style=\"white-space:normal\" class=\"ft06\">&#8211;    Il est INTERDIT de survoler les v\u00e9hicules stationn\u00e9s et les pilotes. Pour rappel, on vole toujours devant soi, les v\u00e9hicules dans le dos.<\/p><br>\n<p style=\"white-space:normal\" class=\"ft06\">&#8211;    Il est INTERDIT de voler vers soi. Dans les faits, vos a\u00e9ronefs doivent passer devant vous et ne pas venir vers vous, y compris lorsque vous effectuez le roulage avant ou apr\u00e8s l\u2019atterrissage pour les avions. <\/p><br>\n<p style=\"white-space:normal\" class=\"ft05\">&#8211;    Rappel Vols en immersion:<\/p>\n<p style=\"white-space:normal\" class=\"ft06\">Il est interdit de voler seul en immersion.<\/p>\n<p style=\"white-space:normal\" class=\"ft06\">Il faut  un observateur qui est l\u00e0 pour pr\u00e9venir des dangers possibles (pr\u00e9sence de personnes, v\u00e9hicules,  \u2026)  MAIS aussi pour reprendre le contr\u00f4le le cas \u00e9ch\u00e9ant. <br\/>De ce fait, le drone doit \u00eatre \u00e0 vue de l\u2019observateur, y compris pour les drones \u00e9quip\u00e9s de cam\u00e9ra int\u00e9gr\u00e9e.  <\/p><br>\n<p style=\"white-space:normal\" class=\"ft05\">Il est conseill\u00e9 \u00e0 chaque membre de lire ou relire le protocole de s\u00e9curit\u00e9 du club sur notre site:<\/p>\n<p style=\"white-space:normal\" class=\"ft07\">www.guynemer60.fr<\/p>\n<p style=\"white-space:normal\" class=\"ft05\">   rubrique  \u00abLe club\u00bb  \u00abAdministratif  \u00bb  \u00ab  Protocoles de s\u00e9curit\u00e9 v8\u00bb<\/p>\n<br>\n<p style=\"white-space:normal\" class=\"ft02\">Loi  \u00ab Drone \u00bb<\/p>\n<br>\n<p style=\"white-space:normal\" class=\"ft06\">A partir du d\u00e9but de l\u2019ann\u00e9e 2019, il est OBLIGATOIRE d\u2019avoir une attestation de <br\/>\u00ab  FORMATION DES TELEPILOTES D\u2019AERONEFS CIVILS  \u00bb.<\/p>\n<p style=\"white-space:normal\" class=\"ft06\">&#8211;    Cette attestation est obtenue en passant une formation et questionnaire sur le site <\/p>\n<p style=\"white-space:normal\" class=\"ft07\">\u00abhttps:\/\/fox-alphatango.aviation-civile.gouv.fr\/\u00ab<\/p>\n\n<p style=\"white-space:normal\" class=\"ft06\">&#8211;    Une fois l\u2019attestation confirm\u00e9e et re\u00e7ue, il est OBLIGATOIRE de d\u00e9clarer tous vos mod\u00e8les et surtout ceux de plus de 800 gr afin d\u2019obtenir une immatriculation (du type \u00a0\u00bb UAS-FR-60  xxx  \u00bb) pour chaque mod\u00e8le.<\/p>\n<p style=\"white-space:normal\" class=\"ft06\">&#8211;    Cette immatriculation doit \u00eatre mise en place sur vos mod\u00e8les (sur le fuselage de pr\u00e9f\u00e9rence) et doit pouvoir \u00eatre lue \u00e0 30 cm minimum. <\/p><br>\n<p style=\"white-space:normal\" class=\"ft06\">&#8211;    Il est OBLIGATOIRE d\u2019avoir toujours sur soi votre attestation de formation ainsi que la confirmation d\u2019immatriculation du ou des mod\u00e8les que vous emmenez sur le terrain  <\/p>\n<p style=\"white-space:normal\" class=\"ft06\">&#8211;    La DGAC peut passer \u00e0 n\u2019importe quel moment et peut sanctionner si vous n\u2019avez pas l\u2019ensemble des documents. Pour rappel, il s\u2019agit d\u2019une responsabilit\u00e9 personnelle !!<br\/> Le club ne peut \u00eatre responsable \u00e0 votre place.<\/p><br>\n<p style=\"white-space:normal\" class=\"ft06\">&#8211;    ATTENTION! En cas de perte (casse), vol ou cession d\u2019un de vos mod\u00e8les, il faut absolument le d\u00e9clarer sur le site:<\/p>\n<p style=\"white-space:normal\" class=\"ft07\">https:\/\/alphatango.aviation-civile.gouv.fr\/<\/p>\n<p style=\"white-space:normal\" class=\"ft06\">  car vous \u00eates responsable de votre mod\u00e8le.<\/p>\n<br>\n<p style=\"white-space:normal\" class=\"ft04\">Indoor<\/p>\n<br>\n<p style=\"white-space:normal\" class=\"ft06\">Laurent Lem\u00e9e propose une activit\u00e9 Indoor \u00e0 Pont Sainte Maxence (en g\u00e9n\u00e9ral le Vendredi soir). Vous pouvez le contacter ou consulter la page Facebook AEROMAX60 <\/p>\n<p style=\"white-space:normal\" class=\"ft07\">https:\/\/www.facebook.com\/aeromax60 <\/p>\n<p style=\"white-space:normal\" class=\"ft05\">Les informations sont disponibles sur notre site rubrique \u00ab  Vol en salle  \u00bb  \u00ab  O\u00f9 voler  \u00bb <\/p>\n<br>\n<p style=\"white-space:normal\" class=\"ft04\">Ecolage<\/p>\n<br>\n<p style=\"white-space:normal\" class=\"ft06\">Bernard reste \u00e0 disposition pour les \u00e9colages (3 personnes cette ann\u00e9e dont Yannick qui vient de s\u2019inscrire). <\/p>\n<p style=\"white-space:normal\" class=\"ft06\">Cot\u00e9 avion, on reste en thermique avec le Calmato et pour l\u2019instant il n\u2019est pas pr\u00e9vu d\u2019investir dans un nouveau mod\u00e8le. <\/p>\n<br>\n<p style=\"white-space:normal\" class=\"ft04\">Entretien du terrain<\/p>\n<br>\n<p style=\"white-space:normal\" class=\"ft06\">EricTORIO poursuit l\u2019entretien du terrain pour cette ann\u00e9e 2019.  <\/p>\n<p style=\"white-space:normal\" class=\"ft06\">La manche \u00e0 air install\u00e9e a d\u00e9j\u00e0 \u00e9t\u00e9 d\u00e9grad\u00e9e et r\u00e9par\u00e9e.  <\/p>\n<p style=\"white-space:normal\" class=\"ft06\">On verra si on roule le terrain cette ann\u00e9e.  <\/p>\n<br>\n<p style=\"white-space:normal\" class=\"ft05\">Pour conclure, nous remercions tous les adh\u00e9rents pr\u00e9sents \u00e0 cette nouvelle assembl\u00e9e ainsi que les nouveaux venus.<\/p>\n<br>\n<p style=\"white-space:normal\" class=\"ft06\">Le Pr\u00e9sident &nbsp;&nbsp;&nbsp;Jean-Pierre TORIO &nbsp;&nbsp;03 44 55 53 10 &#8211; 06 76 54 00 76<\/p>\n<p style=\"white-space:normal\" class=\"ft05\">djp.torio@orange.fr <\/p>\n<p style=\"white-space:normal\" class=\"ft06\">Le Secr\u00e9taire Adjoint &nbsp;&nbsp;&nbsp;Jean-Denis BENOIST<\/p> \n<p style=\"white-space:normal\" class=\"ft05\">jean-denis.benoist@orange.fr<\/p>\n\n<\/div>\n<\/body>\n<\/html>\n\n","protected":false},"excerpt":{"rendered":"<p>Crag 2018 Compte-rendu Assembl\u00e9e G\u00e9n\u00e9rale 2019 Le 01\/12\/2018 Ordre du jour 1. Election du bureau 2. Comptabilit\u00e9 3. Renouvellement des<\/p>\n","protected":false},"author":3,"featured_media":0,"parent":0,"menu_order":0,"comment_status":"closed","ping_status":"closed","template":"","meta":{"_bbp_topic_count":0,"_bbp_reply_count":0,"_bbp_total_topic_count":0,"_bbp_total_reply_count":0,"_bbp_voice_count":0,"_bbp_anonymous_reply_count":0,"_bbp_topic_count_hidden":0,"_bbp_reply_count_hidden":0,"_bbp_forum_subforum_count":0,"footnotes":""},"_links":{"self":[{"href":"https:\/\/www.maquet-air.fr\/guynemer60\/wp-json\/wp\/v2\/pages\/334133"}],"collection":[{"href":"https:\/\/www.maquet-air.fr\/guynemer60\/wp-json\/wp\/v2\/pages"}],"about":[{"href":"https:\/\/www.maquet-air.fr\/guynemer60\/wp-json\/wp\/v2\/types\/page"}],"author":[{"embeddable":true,"href":"https:\/\/www.maquet-air.fr\/guynemer60\/wp-json\/wp\/v2\/users\/3"}],"replies":[{"embeddable":true,"href":"https:\/\/www.maquet-air.fr\/guynemer60\/wp-json\/wp\/v2\/comments?post=334133"}],"version-history":[{"count":4,"href":"https:\/\/www.maquet-air.fr\/guynemer60\/wp-json\/wp\/v2\/pages\/334133\/revisions"}],"predecessor-version":[{"id":334139,"href":"https:\/\/www.maquet-air.fr\/guynemer60\/wp-json\/wp\/v2\/pages\/334133\/revisions\/334139"}],"wp:attachment":[{"href":"https:\/\/www.maquet-air.fr\/guynemer60\/wp-json\/wp\/v2\/media?parent=334133"}],"curies":[{"name":"wp","href":"https:\/\/api.w.org\/{rel}","templated":true}]}}

Assemblée Générale  2019

<!DOCTYPE html>
<html xmlns="http://www.w3.org/1999/xhtml" lang="" xml:lang="">
<head>
<title>Crag 2018</title>

<meta http-equiv="Content-Type" content="text/html; charset=UTF-8"/>
<style type="text/css">
<!--
	p {margin: 0; padding: 0;}	.ft00{font-size:14px;font-family:Times;color:#000000;}
	.ft01{font-size:12px;font-family:Times;color:#000000;}
	.ft02{font-size:34px;font-family:Times;color:#0000ff;}
	.ft03{font-size:34px;font-family:Times;color:#333333;}
	.ft04{font-size:34px;font-family:Times;color:#0000ff;}
	.ft05{font-size:19px;font-family:Times;color:#0c4bfc;}
	.ft06{font-size:19px;font-family:Times;color:#444444;}
	.ft07{font-size:25px;line-height:33px;font-family:Times;color:#0000ff;}
	.ft08{font-size:19px;line-height:33px;font-family:Times;color:#0c4bfc;}
-->
</style>
</head>
<body vlink="blue" link="blue">
<div>
<p style="white-space:normal" class="ft04">Compte-rendu  Assemblée  Générale  2019</p>
<p style="white-space:normal" class="ft05"> Le 01/12/2018</p>
<br><br>
<p style="white-space:normal" class="ft04">Ordre  du  jour  </p>
<br>
<p style="white-space:normal" class="ft08">1.  Election  du  bureau  <br/>2.  Comptabilité  <br/>3.  Renouvellement  des  licences  <br/>4.    Activités  prévisionnelles  2019  <br/>5.    Sécurité  <br/>6.  Loi  «  Drone  »  <br/>7.  Indoor  <br/>8.  Ecolage  <br/>9.    Entretien  du  terrain  </p>
<br>
<p style= "white-space:normal"class="ft06">Ouverture  de  la  réunion  par  Jean-Pierre  TORIO,  notre  président  de  club.  <br/>18  (dix  huit)  personnes  étaient  présentes.  </p>
<br><br>
<p style="white-space:normal" class="ft04">Election  du  bureau</p>
<br>
<p style="white-space:normal" class="ft05">Le  bureau  est  renouvelé  comme  suit  :</p>
<br<pre>
<p style="white-space:nowrap" class="ft05">Président :               Jean-Pierre TORIO</p>
<p style="white-space:nowrap" class="ft05">Responsable sécurité :    Jean-Denis BENOIST</p>
<p style="white-space:nowrap" class="ft05">Trésorier :               Jean-Pierre DEBEZE</p>
<p style="white-space:nowrap" class="ft05">Secrétaire :              Frédéric CAGNIART</p></pre>
<br><br>
<p style="white-space:normal" class="ft06">Jean-Pierre Torio demande d’avoir un membre à ses côtés pour le former pendant un an et destiné à prendre sa place en 2020. </p>
<br><br>
<p style="white-space:normal" class="ft04">Comptabilité </p>
<br>
<p style="white-space:normal" class="ft06">L’année 2018 a compté 23 membres (+2 adhésions). <br/> Les dépenses ont été pour l’entretien et la location du terrain.<br/> Au 31/08/2018 le solde est de +5180.34€ <br/></p>
<p style="white-space:normal" class="ft06">Le bilan est positif pour cette année 2018 grâce à la répartition de l’argent liée à la réorganisation des structures de la FFAM et à la sponsorisation de Bernard VASSEUX.<br/></p>
<p style= "white-space:normal"class="ft06">Une subvention a été accordée début 2018 par la FFAM pour l’achat du tracteur, soit 1600€. </p>
<br><br>
<p style="white-space:normal" class="ft04">Renouvellement des licences </p>
<br>
<p style="white-space:normal" class="ft06">Le bureau décide de garder la licence au même montant pour 2019. </p>
<p style="white-space:normal" class="ft06">La licence FFAM est de 44€ (7,50€ pour les juniors) et la cotisation au club est de 56€.</p>
<p style="white-space:normal" class="ft06">Soit un total de 100€.</p>
<p style="white-space:normal" class="ft08">Pour une personne déjà inscrite dans un autre club avec licence FFAM, la cotisation au club est de 50€.</p>
<br>
<p style="white-space:normal" class="ft04">Activités prévisionnelles 2019</p>
<br>
<p style="white-space:normal"  class="ft06">La fête du club 2018 s’est bien déroulée cette année et les conditions météos étaient au rendez-vous, comme les participants.</p>
<p style="white-space:normal" class="ft06">Concernant 2019, la date n’est pas encore fixée mais nous vous la communiquerons dès que possible.  </p>
<br>
<p style="white-space:normal" class="ft04">Sécurité</p>
<br>
<p style="white-space:normal" class="ft05">Rappel des consignes de  sécurité </p><br>
<p style="white-space:normal" class="ft06">&#8211;    Le plafond est fixé à 240 mètres max. <br><br/>&#8211;    Il est INTERDIT de voler seul. En effet, il faut toujours être accompagné d’une personne (par forcément un pilote) pour surveiller l’environnement (présence de personnes  ou  véhicules en approche de la zone de vol, avions ou hélicoptères passant au-dessus de la piste, etc…) </p><br>
<p style="white-space:normal" class="ft06">&#8211;    Il est  INTERDIT de  survoler la nationale RN31. La DGAC passe régulièrement pour vérifier ce point en stationnant aux alentours. Des infractions peuvent conduire à la fermeture du club. Néanmoins, pour certains avions comme les jets par exemple, et lors de la phase d’atterrissage, il peut y avoir survol de la RN31 à condition que l’altitude soit haute. </p><br>
<p style="white-space:normal" class="ft06">&#8211;    Il est INTERDIT de survoler les véhicules stationnés et les pilotes. Pour rappel, on vole toujours devant soi, les véhicules dans le dos.</p><br>
<p style="white-space:normal" class="ft06">&#8211;    Il est INTERDIT de voler vers soi. Dans les faits, vos aéronefs doivent passer devant vous et ne pas venir vers vous, y compris lorsque vous effectuez le roulage avant ou après l’atterrissage pour les avions. </p><br>
<p style="white-space:normal" class="ft05">&#8211;    Rappel Vols en immersion:</p>
<p style="white-space:normal" class="ft06">Il est interdit de voler seul en immersion.</p>
<p style="white-space:normal" class="ft06">Il faut  un observateur qui est là pour prévenir des dangers possibles (présence de personnes, véhicules,  …)  MAIS aussi pour reprendre le contrôle le cas échéant. <br/>De ce fait, le drone doit être à vue de l’observateur, y compris pour les drones équipés de caméra intégrée.  </p><br>
<p style="white-space:normal" class="ft05">Il est conseillé à chaque membre de lire ou relire le protocole de sécurité du club sur notre site:</p>
<p style="white-space:normal" class="ft07">www.guynemer60.fr</p>
<p style="white-space:normal" class="ft05">   rubrique  «Le club»  «Administratif  »  «  Protocoles de sécurité v8»</p>
<br>
<p style="white-space:normal" class="ft02">Loi  « Drone »</p>
<br>
<p style="white-space:normal" class="ft06">A partir du début de l’année 2019, il est OBLIGATOIRE d’avoir une attestation de <br/>«  FORMATION DES TELEPILOTES D’AERONEFS CIVILS  ».</p>
<p style="white-space:normal" class="ft06">&#8211;    Cette attestation est obtenue en passant une formation et questionnaire sur le site </p>
<p style="white-space:normal" class="ft07">«https://fox-alphatango.aviation-civile.gouv.fr/«</p>

<p style="white-space:normal" class="ft06">&#8211;    Une fois l’attestation confirmée et reçue, il est OBLIGATOIRE de déclarer tous vos modèles et surtout ceux de plus de 800 gr afin d’obtenir une immatriculation (du type  » UAS-FR-60  xxx  ») pour chaque modèle.</p>
<p style="white-space:normal" class="ft06">&#8211;    Cette immatriculation doit être mise en place sur vos modèles (sur le fuselage de préférence) et doit pouvoir être lue à 30 cm minimum. </p><br>
<p style="white-space:normal" class="ft06">&#8211;    Il est OBLIGATOIRE d’avoir toujours sur soi votre attestation de formation ainsi que la confirmation d’immatriculation du ou des modèles que vous emmenez sur le terrain  </p>
<p style="white-space:normal" class="ft06">&#8211;    La DGAC peut passer à n’importe quel moment et peut sanctionner si vous n’avez pas l’ensemble des documents. Pour rappel, il s’agit d’une responsabilité personnelle !!<br/> Le club ne peut être responsable à votre place.</p><br>
<p style="white-space:normal" class="ft06">&#8211;    ATTENTION! En cas de perte (casse), vol ou cession d’un de vos modèles, il faut absolument le déclarer sur le site:</p>
<p style="white-space:normal" class="ft07">https://alphatango.aviation-civile.gouv.fr/</p>
<p style="white-space:normal" class="ft06">  car vous êtes responsable de votre modèle.</p>
<br>
<p style="white-space:normal" class="ft04">Indoor</p>
<br>
<p style="white-space:normal" class="ft06">Laurent Lemée propose une activité Indoor à Pont Sainte Maxence (en général le Vendredi soir). Vous pouvez le contacter ou consulter la page Facebook AEROMAX60 </p>
<p style="white-space:normal" class="ft07">https://www.facebook.com/aeromax60 </p>
<p style="white-space:normal" class="ft05">Les informations sont disponibles sur notre site rubrique «  Vol en salle  »  «  Où voler  » </p>
<br>
<p style="white-space:normal" class="ft04">Ecolage</p>
<br>
<p style="white-space:normal" class="ft06">Bernard reste à disposition pour les écolages (3 personnes cette année dont Yannick qui vient de s’inscrire). </p>
<p style="white-space:normal" class="ft06">Coté avion, on reste en thermique avec le Calmato et pour l’instant il n’est pas prévu d’investir dans un nouveau modèle. </p>
<br>
<p style="white-space:normal" class="ft04">Entretien du terrain</p>
<br>
<p style="white-space:normal" class="ft06">EricTORIO poursuit l’entretien du terrain pour cette année 2019.  </p>
<p style="white-space:normal" class="ft06">La manche à air installée a déjà été dégradée et réparée.  </p>
<p style="white-space:normal" class="ft06">On verra si on roule le terrain cette année.  </p>
<br>
<p style="white-space:normal" class="ft05">Pour conclure, nous remercions tous les adhérents présents à cette nouvelle assemblée ainsi que les nouveaux venus.</p>
<br>
<p style="white-space:normal" class="ft06">Le Président &nbsp;&nbsp;&nbsp;Jean-Pierre TORIO &nbsp;&nbsp;03 44 55 53 10 &#8211; 06 76 54 00 76</p>
<p style="white-space:normal" class="ft05">djp.torio@orange.fr </p>
<p style="white-space:normal" class="ft06">Le Secrétaire Adjoint &nbsp;&nbsp;&nbsp;Jean-Denis BENOIST</p> 
<p style="white-space:normal" class="ft05">jean-denis.benoist@orange.fr</p>

</div>
</body>
</html>

<p>Crag 2018 Compte-rendu Assemblée Générale 2019 Le 01/12/2018 Ordre du jour 1. Election du bureau 2. Comptabilité 3. Renouvellement des</p>
