{"id":7,"date":"2018-03-15T11:48:02","date_gmt":"2018-03-15T10:48:02","guid":{"rendered":"http:\/\/www.maquet-air.fr\/guynemer60\/?page_id=7"},"modified":"2023-10-11T21:27:14","modified_gmt":"2023-10-11T19:27:14","slug":"accueil","status":"publish","type":"page","link":"https:\/\/www.maquet-air.fr\/guynemer60\/","title":{"rendered":"Accueil"},"content":{"rendered":"<p><strong>Bienvenue sur votre site\u00a0!<\/strong><\/p>\n<p>Ce site est d\u00e9di\u00e9 \u00e0 promouvoir les activit\u00e9s de notre club d&rsquo;a\u00e9ro-mod\u00e9lisme (li\u00e9 \u00e0 la FFAM)<\/p>\n<p>Nous sommes situ\u00e9 pr\u00e8s de Sacy Le Grand (60700) et plus pr\u00e9cis\u00e9ment l&rsquo;acc\u00e8s se fait par la RN31 (Clermont &lt;-&gt; Compi\u00e8gne)<\/p>\n<p><a href=\"http:\/\/www.facebook.com\/guynemer60\" target=\"_blank\" rel=\"noopener noreferrer\">\u00a0<img decoding=\"async\" loading=\"lazy\" class=\"alignnone wp-image-13\" src=\"https:\/\/www.maquet-air.fr\/guynemer60\/wp-content\/uploads\/2018\/03\/Sacy-LogoClub2018-300x300.png\" alt=\"\" width=\"222\" height=\"212\" \/><\/a><\/p>\n<p>Nous pratiquons toute sorte de mod\u00e8le : <strong>avions thermiques, avions \u00e9lectriques, planeurs, drones, h\u00e9licopt\u00e8res,&#8230;<\/strong><\/p>\n<p><span style=\"display: inline !important; float: none; background-color: transparent; color: #333333; cursor: text; font-family: Georgia,'Times New Roman','Bitstream Charter',Times,serif; font-size: 16px; font-style: normal; font-variant: normal; font-weight: 400; letter-spacing: normal; orphans: 2; text-align: left; text-decoration: none; text-indent: 0px; text-transform: none; -webkit-text-stroke-width: 0px; white-space: normal; word-spacing: 0px;\">Vous pouvez consulter toutes nos photos sur notre <\/span><strong><a href=\"http:\/\/www.facebook.com\/guynemer60\" target=\"_blank\" rel=\"noopener noreferrer\">page Facebook<\/a><\/strong><span style=\"display: inline !important; float: none; background-color: transparent; color: #333333; cursor: text; font-family: Georgia,'Times New Roman','Bitstream Charter',Times,serif; font-size: 16px; font-style: normal; font-variant: normal; font-weight: 400; letter-spacing: normal; orphans: 2; text-align: left; text-decoration: none; text-indent: 0px; text-transform: none; -webkit-text-stroke-width: 0px; white-space: normal; word-spacing: 0px;\"> d\u00e9di\u00e9e&#8230;<\/span><\/p>\n<p><img decoding=\"async\" loading=\"lazy\" class=\"alignnone size-medium wp-image-62\" src=\"https:\/\/www.maquet-air.fr\/guynemer60\/wp-content\/uploads\/2018\/03\/IMG_2341-300x155.jpg\" alt=\"\" width=\"300\" height=\"155\" srcset=\"https:\/\/www.maquet-air.fr\/guynemer60\/wp-content\/uploads\/2018\/03\/IMG_2341-300x155.jpg 300w, https:\/\/www.maquet-air.fr\/guynemer60\/wp-content\/uploads\/2018\/03\/IMG_2341-768x398.jpg 768w, https:\/\/www.maquet-air.fr\/guynemer60\/wp-content\/uploads\/2018\/03\/IMG_2341.jpg 1024w\" sizes=\"(max-width: 300px) 100vw, 300px\" \/><img decoding=\"async\" loading=\"lazy\" class=\"alignnone size-medium wp-image-56\" src=\"https:\/\/www.maquet-air.fr\/guynemer60\/wp-content\/uploads\/2018\/03\/IMG_2097-300x180.jpg\" alt=\"\" width=\"300\" height=\"180\" srcset=\"https:\/\/www.maquet-air.fr\/guynemer60\/wp-content\/uploads\/2018\/03\/IMG_2097-300x180.jpg 300w, https:\/\/www.maquet-air.fr\/guynemer60\/wp-content\/uploads\/2018\/03\/IMG_2097-768x461.jpg 768w, https:\/\/www.maquet-air.fr\/guynemer60\/wp-content\/uploads\/2018\/03\/IMG_2097.jpg 1024w\" sizes=\"(max-width: 300px) 100vw, 300px\" \/><img decoding=\"async\" loading=\"lazy\" class=\"alignnone size-medium wp-image-64\" src=\"https:\/\/www.maquet-air.fr\/guynemer60\/wp-content\/uploads\/2018\/03\/IMG_0262-300x159.jpg\" alt=\"\" width=\"300\" height=\"159\" srcset=\"https:\/\/www.maquet-air.fr\/guynemer60\/wp-content\/uploads\/2018\/03\/IMG_0262-300x159.jpg 300w, https:\/\/www.maquet-air.fr\/guynemer60\/wp-content\/uploads\/2018\/03\/IMG_0262-768x407.jpg 768w, https:\/\/www.maquet-air.fr\/guynemer60\/wp-content\/uploads\/2018\/03\/IMG_0262.jpg 1024w, https:\/\/www.maquet-air.fr\/guynemer60\/wp-content\/uploads\/2018\/03\/IMG_0262-390x205.jpg 390w\" sizes=\"(max-width: 300px) 100vw, 300px\" \/><\/p>\n<p><img decoding=\"async\" loading=\"lazy\" class=\"alignnone size-medium wp-image-79\" src=\"https:\/\/www.maquet-air.fr\/guynemer60\/wp-content\/uploads\/2018\/03\/IMG_5255-300x197.jpg\" alt=\"\" width=\"300\" height=\"197\" srcset=\"https:\/\/www.maquet-air.fr\/guynemer60\/wp-content\/uploads\/2018\/03\/IMG_5255-300x197.jpg 300w, https:\/\/www.maquet-air.fr\/guynemer60\/wp-content\/uploads\/2018\/03\/IMG_5255-768x505.jpg 768w, https:\/\/www.maquet-air.fr\/guynemer60\/wp-content\/uploads\/2018\/03\/IMG_5255.jpg 1024w\" sizes=\"(max-width: 300px) 100vw, 300px\" \/><img decoding=\"async\" loading=\"lazy\" class=\"alignnone size-medium wp-image-80\" src=\"https:\/\/www.maquet-air.fr\/guynemer60\/wp-content\/uploads\/2018\/03\/IMG_5298-300x181.jpg\" alt=\"\" width=\"300\" height=\"181\" srcset=\"https:\/\/www.maquet-air.fr\/guynemer60\/wp-content\/uploads\/2018\/03\/IMG_5298-300x181.jpg 300w, https:\/\/www.maquet-air.fr\/guynemer60\/wp-content\/uploads\/2018\/03\/IMG_5298-768x464.jpg 768w, https:\/\/www.maquet-air.fr\/guynemer60\/wp-content\/uploads\/2018\/03\/IMG_5298.jpg 1024w\" sizes=\"(max-width: 300px) 100vw, 300px\" \/><\/p>\n<p>Si vous \u00eates int\u00e9ress\u00e9, soit pour voir nos mod\u00e8les en vol, soit pour se lancer vous-m\u00eame dans ce loisir, prenez contacte avec nous ou venez nous voir directement sur site (il faut bien s\u00fbr que le temps soit agr\u00e9able et peu de vent)<\/p>\n<p>A bient\u00f4t..<\/p>\n","protected":false},"excerpt":{"rendered":"<p>Bienvenue sur votre site\u00a0! Ce site est d\u00e9di\u00e9 \u00e0 promouvoir les activit\u00e9s de notre club d&rsquo;a\u00e9ro-mod\u00e9lisme (li\u00e9 \u00e0 la FFAM)<\/p>\n","protected":false},"author":1,"featured_media":0,"parent":0,"menu_order":0,"comment_status":"closed","ping_status":"closed","template":"","meta":{"_bbp_topic_count":0,"_bbp_reply_count":0,"_bbp_total_topic_count":0,"_bbp_total_reply_count":0,"_bbp_voice_count":0,"_bbp_anonymous_reply_count":0,"_bbp_topic_count_hidden":0,"_bbp_reply_count_hidden":0,"_bbp_forum_subforum_count":0,"footnotes":""},"_links":{"self":[{"href":"https:\/\/www.maquet-air.fr\/guynemer60\/wp-json\/wp\/v2\/pages\/7"}],"collection":[{"href":"https:\/\/www.maquet-air.fr\/guynemer60\/wp-json\/wp\/v2\/pages"}],"about":[{"href":"https:\/\/www.maquet-air.fr\/guynemer60\/wp-json\/wp\/v2\/types\/page"}],"author":[{"embeddable":true,"href":"https:\/\/www.maquet-air.fr\/guynemer60\/wp-json\/wp\/v2\/users\/1"}],"replies":[{"embeddable":true,"href":"https:\/\/www.maquet-air.fr\/guynemer60\/wp-json\/wp\/v2\/comments?post=7"}],"version-history":[{"count":15,"href":"https:\/\/www.maquet-air.fr\/guynemer60\/wp-json\/wp\/v2\/pages\/7\/revisions"}],"predecessor-version":[{"id":334213,"href":"https:\/\/www.maquet-air.fr\/guynemer60\/wp-json\/wp\/v2\/pages\/7\/revisions\/334213"}],"wp:attachment":[{"href":"https:\/\/www.maquet-air.fr\/guynemer60\/wp-json\/wp\/v2\/media?parent=7"}],"curies":[{"name":"wp","href":"https:\/\/api.w.org\/{rel}","templated":true}]}}